f = 0, -2*g + 0*g = b - 687. Is b a composite number?
True
Suppose 905*q - 924*q = -1309613. Is q composite?
False
Suppose 24*d + 35196 = -4*d. Let q = 1512 + 610. Let c = d + q. Is c a composite number?
True
Let h(d) = 1107*d - 123. Let a be h(-3). Is 53/(a/(-1146) + -3) prime?
False
Let n(m) = -136*m**3 - 7*m - 24. Is n(-5) composite?
False
Suppose -36 = -4*u + 2*z, -2*u + z - 5*z + 28 = 0. Suppose 2142 = u*v - 4*v. Let t = 542 - v. Is t a prime number?
False
Let f(j) = 22*j - 22. Let p be f(-9). Let r be 8/14 - 13290/(-42). Let v = p + r. Is v prime?
True
Let n = 219 + -983. Let w(b) = 55*b - 27. Let h be w(-6). Let t = h - n. Is t composite?
True
Let x be (-232)/145*(-5)/2. Suppose 2*g - 11254 = -4*n, g - x*n = -4*g + 28135. Is g a composite number?
True
Let y(d) = -d**2 - 2*d + 3361. Let j be y(0). Suppose 4*g + 5984 = 4*k, 0 = -3*k - 2*g + 1152 + j. Is k + ((-4)/((-12)/(-9)) - -3) prime?
False
Suppose 12 = b - 5*a, -7*a = -b - 3*a + 9. Let r be (-2)/(2/b) - 1. Suppose 4*q + r*s = 7359 + 3895, -3*q = 3*s - 8448. Is q composite?
True
Let q(c) = 2*c + 4. Let m be q(-2). Suppose -5*f - 5*f + 25180 = m. Suppose -j + f = j. Is j a composite number?
False
Let a = -7413 + 12926. Is a a prime number?
False
Let o(z) = -5*z + 37. Let g be o(9). Let p be ((-42)/g)/((-15)/4 - -4). Suppose 0 = -p*v + 16*v + 24635. Is v a composite number?
True
Let d be 6/21 - (-69)/(-21). Let y(a) = 120*a**2 - 13. Is y(d) prime?
False
Let q(v) = v**3 - 9*v**2 + 6*v + 20. Let h be q(9). Let s = -70 + h. Is (-7)/(s/(-890 + -2)) a prime number?
False
Suppose -4 + 1 = -r - u, -4*u = 0. Suppose -r*g + g = -7262. Suppose -g + 471 = -8*n. Is n a composite number?
True
Let u be 24/(-4) + (7 - 1). Suppose u = 31*c - 11164 - 96003. Is c a prime number?
True
Let h(t) = t**3 + 3*t**2 - 3*t - 9. Let a be h(-3). Suppose -4*l + 4*g = -48, -2*g + 4 + 8 = 2*l. Suppose a = -l*w + 1272 + 339. Is w a prime number?
True
Let r(q) = 6*q**2 + 5*q + 3. Let f be r(-1). Suppose -f*w = -3*m + m + 8834, 4*m = -4*w + 17632. Is m a prime number?
False
Suppose -40255314 = -133*m + 1266887. Is m a prime number?
True
Is (22679/((2/(-4))/(-1)))/(23 - 21) a composite number?
False
Let b(s) = -3*s**3 + 8*s**2 + 22*s - 4. Let h(v) = v**2 + 27*v + 111. Let t be h(-21). Is b(t) composite?
True
Suppose -8*i - 12 = -11*i. Suppose 4*c - 18*d + 14*d - 2660 = 0, -4*d = i. Suppose c = 3*o + 5*w - 3328, -5*o = 4*w - 6675. Is o a prime number?
False
Is 13745165/559 + (-8)/(-52) a prime number?
False
Suppose -51*q + 10*q = 9*q - 2303150. Is q a prime number?
False
Let f be (-3689)/(-5) - (-36)/(-45) - -5. Is (18 - -6)/(-8) + f prime?
True
Let q(d) = -1416*d + 153. Is q(-91) a composite number?
True
Is (-18)/(504/152138)*-46 prime?
False
Suppose 4*w + 0 - 12 = 2*s, 3 = w. Suppose 0 = 3*i - 5*r - 18755, s = -5*i - 4*r + 1080 + 30129. Is i composite?
True
Let k(a) be the third derivative of 79*a**5/60 - 23*a**4/24 + a**3/2 - 9*a**2 - 3. Is k(-9) a composite number?
True
Let u(v) = v + 4 + 750*v**2 + 252*v**2 + 0*v + 3*v. Let n be u(-2). Is (n/(-2))/(-2) + -3 a composite number?
True
Suppose -64*x + 18*x = 60*x - 2562762. Is x composite?
True
Let o(d) = d**3 + 28*d**2 + 21*d + 4. Let g be o(-21). Suppose 6*i - g = -358. Is i a composite number?
True
Let j(r) = 9*r**2 + r - 5*r - 5*r - 6*r - 3. Let h be j(-6). Suppose 3*g - 317 = -2*t - 0*t, -4*g - 5*t = -h. Is g a composite number?
False
Suppose 2*p = 4*l + 2977698, 2*l - 599495 = -p + 889370. Is p prime?
True
Let d = 268478 + 151757. Is d composite?
True
Let h = 59586 - 37199. Is h a prime number?
False
Suppose 0 = -4*z - 4*g + 116440, z - 6625 = 4*g + 22500. Is z a prime number?
False
Let s = 163 + -130. Is (s/(-6))/11*-4198 a prime number?
True
Suppose -89*g = -3764039 - 2243016. Is g prime?
False
Let j(z) be the second derivative of z**2 + 143/6*z**3 + z + 0. Is j(3) composite?
False
Let p be 0 - (1 - 0)/(1/(-3)). Let r(n) = 2*n - 10. Let f be r(p). Is (2/(f*(-2)/(-1644)))/(-1) prime?
False
Let k = -207978 + 305851. Is k prime?
False
Let l be ((-14)/10)/((-2)/20). Let o be l/7 + (-2)/(-1). Suppose 877 - 3225 = -o*s. Is s a prime number?
True
Suppose 144*d - 186*d = -2423022. Is d composite?
True
Let n(d) = 14*d - 139. Let i be n(13). Suppose -i - 5080 = -b. Is b prime?
False
Let z(f) = 279*f + 4. Let q(i) = -4*i + 32. Let u be q(10). Let g be z(u). Is (g/(-20))/(2/10) a composite number?
False
Let y = -45 - -31. Let d be (2/(y/1))/((-4)/28). Is (-834)/(-10) - (d + 3/(-5)) a prime number?
True
Let u = -86233 - -156844. Is u a prime number?
False
Let p be (0 - 1 - -3) + (-8)/(-4). Suppose 0 = -x + 3*x + p*q - 646, 3*x - 929 = 2*q. Suppose 6*v = 1445 + x. Is v prime?
True
Let n = -52 - -56. Suppose -25136 = -n*i + 2*d, 5*i - 3*d - 31420 = d. Let q = i - 3345. Is q a prime number?
True
Let p = 476941 - 308946. Is p composite?
True
Let b = 124724 - 51769. Is b composite?
True
Suppose -14*o - 80 = -6*o. Is ((-76)/8 - o) + (-1165)/(-2) a prime number?
False
Let s be (-33)/77 - 136/(-7). Let f(q) = -4*q**2 + 17*q + 4. Let d(k) = 8*k**2 - 34*k - 8. Let c(j) = -2*d(j) - 5*f(j). Is c(s) composite?
False
Let s(m) = 27841*m**2 - 14*m - 65. Is s(-4) prime?
True
Let z = 110915 + -41932. Suppose -3*u + 28058 + z = 0. Is u a prime number?
False
Suppose l + 3*l = -32. Let s be ((-12)/l)/(2/(16/6)). Suppose -s*u - 270 = -3*i + 1851, -2*u = i - 715. Is i a composite number?
False
Let k(n) = 6*n**2 + 5*n - 112. Let o = -107 + 120. Is k(o) a prime number?
True
Let p(k) = -402*k + 136. Let x(a) = -405*a + 135. Let b(y) = 2*p(y) - 3*x(y). Is b(6) a composite number?
False
Let v(o) = -8 - 21 - 4*o + 15. Let k be v(-4). Is (-1185)/(-10)*k/6*2 composite?
False
Let p = -174592 + 258854. Is p a prime number?
False
Suppose -3*m + 2*w = -289553, 4*m = 53*w - 55*w + 386080. Is m prime?
False
Let p be (34/(-12)*-3)/(3/(-6)). Let u be (477 + 0)*p/(-1). Suppose 16*n - 7*n = u. Is n composite?
True
Let p = 28425 + -21014. Is p a prime number?
True
Let l be 2 + -24 + 5/1. Let f(q) = 9*q**2 + q + 33. Is f(l) a prime number?
True
Suppose -20*x + 18*x - 14 = 0. Is (-10301)/x + (-4)/7 composite?
False
Let b(a) = -12*a**3 + 4*a**2 + a + 5. Let n(w) = w**2 - 9*w - 7. Let c be n(11). Suppose 5*l = -0*q - 2*q - 23, l = -3*q - c. Is b(l) prime?
False
Suppose 3*l + 2*o - 3135477 = 0, 0 = 3*o - 236 + 254. Is l composite?
True
Let a be ((-4)/5)/(18/3870). Is a/301 - (-305194)/14 a prime number?
True
Let c(l) = 2*l - 42. Let k be c(23). Let g be (-78)/k*4/(-6). Suppose g*b = 18*b - 9205. Is b a composite number?
True
Suppose -2*w - 259144 = -2*f, -4*w + 2 = -3*w. Suppose f = -0*n + 34*n. Is n a composite number?
True
Let x = -747 - -647. Let f = 271 - -34. Let q = f + x. Is q a composite number?
True
Suppose -1940*l - 5738280 = -1949*l - 2082813. Is l a composite number?
True
Suppose -k = -u + 185 + 158, 1709 = -5*k + 3*u. Let x = -1590 - k. Let o = x - -2367. Is o a composite number?
False
Is 2/(-13) - ((-471860)/(-104))/(8/(-80)) a composite number?
True
Suppose -2*s = -5*z - 11160 - 4464, s = -5*z + 7827. Is s composite?
False
Suppose -3*u = -5*a + 1295285, -3*u + 1690838 - 395553 = 5*a. Is a prime?
False
Let j = 508 - 368. Suppose 0 = -j*a + 153*a - 35347. Is a composite?
False
Let q = -34286 + 23468. Let a = 18427 + q. Is a a composite number?
True
Let l = 54396 - -62661. Is l a prime number?
False
Let k = -384645 + 606692. Is k a composite number?
True
Let x(u) = -16*u + 35. Let m be x(-6). Suppose m*j - 21269 = 130*j. Is j prime?
True
Suppose 14*c = 15*c - 4. Suppose -w - 5*m + 4011 = 0, -c*m + 3931 + 84 = w. Is w a composite number?
True
Let f(l) be the first derivative of 341*l**4/4 + 3*l**2/2 - 3*l + 80. Suppose -2*s = s - 3. Is f(s) a composite number?
True
Suppose u = -k + 28389, 21*k - 85155 = 18*k - u. Is k prime?
False
Suppose -22*b = -18*b - 252. Suppose b = -0*t + 7*t. Let w(x) = -2*x**3 + 22*x**2 - x + 4. Is w(t) a prime number?
False
Let t(k) = 340*k - 1. Let v(m) = -1. Suppose 6 = 4*s + w, -4*s - 5*w = -w - 12. Let d(x) = s*t(x) + 2*v(x). Is d(1) prime?
True
Let p be (-1)/((-15)/5) + 75756/18. Let b be (-1 - 1197)*10/(-4). Let t = p - b. Is t prime?
False
Is 4/(-6) + 7223955/90 - 5/2 a prime number?
True
Let m(o) be the second derivative of -o**4/12 + o**3/6 - o**2 - 7*o. Let j be m(1). Is 